Calculate the remainder when g is divided by z.
22
Let a(f) = f**3 + 3*f**2 - 1. Let r(z) = -z**2 + 5*z - 3. Let g be r(2). Calculate the remainder when (3/5)/(g/15) is divided by a(-2).
0
Suppose -20*u = -13*u - 112. What is the remainder when 27 is divided by u?
11
Suppose 3*i - 209 = 10*j - 14*j, 3*j = -i + 73. Calculate the remainder when i is divided by 14.
11
Calculate the remainder when (70/(-28))/((-15)/876) is divided by 33.
14
Let y = -35 - -93. Let k = -51 + y. What is the remainder when 7 is divided by k?
0
Suppose -6*u = -3*u + 3*o - 90, 2*o - 8 = 0. Calculate the remainder when 79 is divided by u.
1
Suppose 10*w + 2*w = 36. Suppose 2*k = 4*c - 206, -w*c + 2*k + 148 = 7*k. What is the remainder when c is divided by 22?
7
Let z be (0/(-4 + 3))/2. Suppose z*m + m = -a + 39, -2*a = 5*m - 84. What is the remainder when a is divided by 5?
2
Suppose -5*l - 7*c + 3*c = -253, 10 = 5*c. Let y = -29 + l. Calculate the remainder when 57 is divided by y.
17
Let f(z) = 742 + 10*z**2 + 0*z**3 - z**3 - 743 - 14*z. Calculate the remainder when f(6) is divided by 32 + (1 - 1) - 1.
28
Suppose 0*x + 3*x = -2*a + 36, -2*x + 20 = a. Suppose -27 = -b + a. Let r(q) = 3*q**2 + 2*q + 5. What is the remainder when b is divided by r(2)?
18
Let p(v) = -2*v**3 - 4*v**2 - 4*v - 1. Let n be p(-2). Suppose -2*h = -n*h + 30. What is the remainder when h is divided by 5?
1
Suppose -2*w = -u + 4*u - 1541, 4*u = 3*w - 2303. What is the remainder when w is divided by 22?
21
Suppose n + t - 168 = -40, 253 = 2*n + 5*t. Calculate the remainder when n is divided by 55.
19
Let s(n) = -2*n**2 + 24*n - 21. Calculate the remainder when 197 is divided by s(9).
32
Let f(g) = -16*g**3 + 11*g**2 - 5*g - 9. Let c(d) = 3*d**3 - 2*d**2 + d + 2. Let h(x) = -11*c(x) - 2*f(x). Calculate the remainder when 34 is divided by h(-2).
4
Let w = 7 - -3. Calculate the remainder when -2*(2 + 3 + 25/(-2)) is divided by w.
5
Suppose -x + 28 = 2*t - 19, 4*t = -4*x + 168. Calculate the remainder when x is divided by 23.
14
Suppose -9*a + 3*a + 174 = 0. Calculate the remainder when 288 is divided by a.
27
Suppose 28*y = -3*y + 310. Calculate the remainder when y is divided by 3.
1
Let w(l) = -l - 6. Let u be w(-4). Let k be 8*3 + -3 + u. Suppose -v + k = -0*v. What is the remainder when v is divided by 5?
4
Suppose -377*s - 255 = -382*s. Calculate the remainder when 54 is divided by s.
3
Let c = 62 - 49. Suppose -p - 2*w - c = -59, 10 = -2*w. Calculate the remainder when p is divided by 15.
11
Let v be (12/(-15))/((-2)/10). Suppose -4 = v*m - 12. Let p = m - -2. Calculate the remainder when 5 is divided by p.
1
Let n(m) = 26*m**2 - 23*m + 57. Calculate the remainder when n(4) is divided by 48.
45
Let i(g) = g**3 - 15*g**2 + 57*g + 13. What is the remainder when i(6) is divided by 11?
9
Let v(x) = -x**2 + x + 27. Suppose -5*m + 4*s = -365, -5*m + 410 = 3*s + 2*s. Calculate the remainder when m is divided by v(0).
23
Let i(b) = -6*b**3 + b. Let f be i(2). Let h = f + 55. What is the remainder when 32 is divided by h?
5
Calculate the remainder when 74 is divided by 4*(-5 - -4) - 88/(-4).
2
Suppose -d = -5*z - 0*d + 25, z = -2*d + 5. Suppose 0 = 9*f - z*f - 48. Calculate the remainder when 47 is divided by f.
11
Let l(m) = -m**2 + 3*m + 28. Calculate the remainder when 147 is divided by l(6).
7
Suppose 36 - 52 = -b. Suppose b*c - 826 - 886 = 0. Calculate the remainder when c is divided by 22.
19
Suppose 5*j = -0*j + 15. Suppose -j*x + 204 = x. Suppose -2*l = -1 - x. Calculate the remainder when 51 is divided by l.
25
Let y(k) = -5*k - 2. Let v be y(-2). Let n = 2 + 19. Calculate the remainder when 491/v - 57/152 is divided by n.
19
Suppose 14*x - 406 = 238. What is the remainder when 135 is divided by x?
43
Let x(z) = z**3 - 2*z**2 - 2*z + 8. Let b be x(6). Let j = 214 - b. Calculate the remainder when j is divided by (200/16)/(2/4).
24
Let d be (-3)/1 - (-9 - -2). Suppose -3*j = -2*j - d. Calculate the remainder when 10 is divided by j.
2
Let j = 84 + -53. Suppose 3*q = -5*n + 23, -2*q + 1 = 4*n - 13. What is the remainder when j is divided by q?
9
Let u = -415 + 441. Suppose 0 = 2*v, 4*x = v + 43 + 9. Let d = x + 2. Calculate the remainder when u is divided by d.
11
Let r(x) = -3*x**3 + 10*x**2 - x - 3. Let l be r(3). Suppose 0 = -z - l*z + 340. What is the remainder when z is divided by 43?
42
Let n = -11 + 80. Let x = -3 - -38. Calculate the remainder when n is divided by x.
34
Suppose -r + 5*r = -4*h + 80, 2*h + 5*r - 46 = 0. Suppose -13*z = 2*n - 8*z - 333, -2*z + 165 = n. Calculate the remainder when n is divided by h.
15
Let g = -474 + 480. What is the remainder when g is divided by 4?
2
Let a = -1450 - -1744. Calculate the remainder when a is divided by 72.
6
Let y = 71 - 70. What is the remainder when 159/6 - (-4)/(-8)*y is divided by 14?
12
Let k(o) = 35*o. Suppose -2*j + 6*a + 4 = a, -j - 5*a + 2 = 0. Suppose -m + 4*t + 13 = 0, 2*t + j*t = -4. Calculate the remainder when k(1) is divided by m.
8
Let f(c) = -4*c**2 + 27*c + 19. Let t be f(9). Let g = 78 + t. Calculate the remainder when 76 is divided by g.
12
Let a = 113 + -83. Suppose 0 = 13*v - 16*v + a. Calculate the remainder when 69 is divided by v.
9
Let a be (9/(-27))/((-1)/3). Let p be 10/(-25) - 39/15. Calculate the remainder when a/p - 440/(-24) is divided by 5.
3
Let a = 1313 + -1060. Calculate the remainder when a is divided by 9.
1
What is the remainder when 687 is divided by 1 - (-8)/(-16)*-40?
15
Suppose -2*z = r - 28, -4*z + 28 = -4*r - 28. Suppose 5*p = -10, z = -m + 4*m - p. Suppose 0 = m*a - a - 174. What is the remainder when a is divided by 15?
13
Let w = 95 + -56. Let o be (10/(-8))/((-45)/180). Suppose 2*g + g = -3*i + w, -5*g + o*i = -55. Calculate the remainder when 23 is divided by g.
11
Let o(x) = -2*x**2 - 26*x - 43. What is the remainder when o(-9) is divided by (17 - 1) + (-6 - -7)?
12
Suppose 4*a = 3*a. Suppose -s + 1 - 6 = a. What is the remainder when (-46 - s)*(-3)/3 is divided by 22?
19
Let p(o) = -3*o - 1. Suppose 22 - 6 = 2*s. Suppose -f - 17 = 4*z, 3*z - 4*f + s = -0*z. What is the remainder when 40 is divided by p(z)?
7
Suppose 14161 - 5481 = 280*v. Suppose 4*x - h - 478 - 2 = 0, -589 = -5*x + 4*h. What is the remainder when x is divided by v?
28
Suppose 4*u + 2*p + 8 = 0, -3*u = -u + 2*p. Let c = -2 + -7. What is the remainder when 23 is divided by (-2 - u) + (-3 - c)?
7
Suppose -3*i + 82 = 4*a, 5*a - 2*a = 5*i + 47. Let y = 31 - a. What is the remainder when y is divided by 7?
5
Let h = -41 + 20. Let k = h - -26. Suppose 4*u - 89 = -17. Calculate the remainder when u is divided by k.
3
Suppose 0 = -0*c + c - 24. What is the remainder when (62 - (-1 - 9)) + -5 is divided by c?
19
Suppose -5*f - 3*t + 44 = 0, 13 = 4*t + 1. Suppose -n - 3*c = c + f, 5*n = 4*c + 13. Suppose 5*v = 139 + n. Calculate the remainder when v is divided by 10.
8
Suppose 0 = 21*c - 430 - 74. Calculate the remainder when 933 is divided by c.
21
Suppose -2*h = 0, 2*n - 29 = n - 5*h. Suppose -28*i - 25 = -n*i. What is the remainder when 122 is divided by i?
22
Let s = 66 + -23. Let q = -12 + 21. What is the remainder when s is divided by q?
7
Suppose -3*l + 51 = 14*l. Suppose l = -3*t + 21. Calculate the remainder when 34 is divided by t.
4
Let f = 523 - 315. Calculate the remainder when 106 is divided by (3/12*3)/(13/f).
10
Calculate the remainder when 117 is divided by ((-1445)/(-510))/(0 + (-2)/(-12)).
15
Suppose -4*v = -3*m + 23, m = 4*v + 3 + 2. What is the remainder when 134 is divided by m?
8
Let n = 174 - 104. Suppose 75*v - n*v = 235. What is the remainder when v is divided by 17?
13
Suppose -y - 3*y = -4*j + 24, 0 = -5*y - j - 12. Let d be 198/27 + (-2)/y. What is the remainder when (1/2)/(d/160) is divided by 4?
2
Suppose 2*q - 204 = -2*q. Suppose 6 = -3*m + q. Let v = -34 - -76. Calculate the remainder when v is divided by m.
12
What is the remainder when (-3514)/(-26) - 52/338 is divided by 60?
15
Let h(l) = -l**3 - 9*l**2 - 14*l + 4. Let n be h(-9). Suppose 2*p + 3*b + 27 - n = 0, 0 = -2*p + 3*b + 73. Calculate the remainder when p is divided by 14.
2
Let l = -3 - -7. Suppose b = r + 8, l*r - 2*r - 4 = -2*b. Calculate the remainder when (r + (-16)/(-6))*-57 is divided by 7.
5
Suppose 0 = -k - 5*d + 15, -k - 2*d = 